{"id":2653,"date":"2021-05-24T06:48:24","date_gmt":"2021-05-24T06:48:24","guid":{"rendered":"http:\/\/localhost:8888\/konstro\/?page_id=11"},"modified":"2024-08-22T16:16:39","modified_gmt":"2024-08-22T21:16:39","slug":"inicio","status":"publish","type":"page","link":"https:\/\/coinseperu.com\/","title":{"rendered":"Inicio"},"content":{"rendered":"\t\t<div data-elementor-type=\"wp-page\" data-elementor-id=\"2653\" class=\"elementor elementor-2653\" data-elementor-post-type=\"page\">\n\t\t\t\t\t\t<section class=\"elementor-section elementor-top-section elementor-element elementor-element-a5a437a elementor-section-full_width elementor-section-height-default elementor-section-height-default\" data-id=\"a5a437a\" data-element_type=\"section\">\n\t\t\t\t\t\t<div class=\"elementor-container elementor-column-gap-no\">\n\t\t\t\t\t<div class=\"elementor-column elementor-col-100 elementor-top-column elementor-element elementor-element-d55454b\" data-id=\"d55454b\" data-element_type=\"column\">\n\t\t\t<div class=\"elementor-widget-wrap\">\n\t\t\t\t\t\t\t<\/div>\n\t\t<\/div>\n\t\t\t\t\t<\/div>\n\t\t<\/section>\n\t\t\t\t<section class=\"elementor-section elementor-top-section elementor-element elementor-element-76674ce elementor-section-full_width elementor-section-height-default elementor-section-height-default\" data-id=\"76674ce\" data-element_type=\"section\">\n\t\t\t\t\t\t<div class=\"elementor-container elementor-column-gap-no\">\n\t\t\t\t\t<div class=\"elementor-column elementor-col-100 elementor-top-column elementor-element elementor-element-6ca9ba2\" data-id=\"6ca9ba2\" data-element_type=\"column\">\n\t\t\t<div class=\"elementor-widget-wrap\">\n\t\t\t\t\t\t\t<\/div>\n\t\t<\/div>\n\t\t\t\t\t<\/div>\n\t\t<\/section>\n\t\t\t\t<section class=\"elementor-section elementor-top-section elementor-element elementor-element-351673c elementor-section-full_width elementor-section-height-default elementor-section-height-default\" data-id=\"351673c\" data-element_type=\"section\" data-settings=\"{&quot;background_background&quot;:&quot;classic&quot;}\">\n\t\t\t\t\t\t<div class=\"elementor-container elementor-column-gap-no\">\n\t\t\t\t\t<div class=\"elementor-column elementor-col-100 elementor-top-column elementor-element elementor-element-742cdaf\" data-id=\"742cdaf\" data-element_type=\"column\">\n\t\t\t<div class=\"elementor-widget-wrap elementor-element-populated\">\n\t\t\t\t\t\t<div class=\"elementor-element elementor-element-05c81c1 elementor-widget elementor-widget-Elementor-Widget-header-slider\" data-id=\"05c81c1\" data-element_type=\"widget\" data-widget_type=\"Elementor-Widget-header-slider.default\">\n\t\t\t\t<div class=\"elementor-widget-container\">\n\t\t\t\r\n<!-- slider-area -->\r\n<section id=\"home4\" class=\"slider-area slider-four fix p-relative\">\r\n    <div class=\"slider-active\">\r\n                    \r\n\t\t\t\t<div class=\"single-slider slider-bg d-flex align-items-center\" style=\"background: url(http:\/\/wordpress.zcube.in\/konstro\/wp-content\/uploads\/2021\/05\/slider_img01-min.png) no-repeat;background-size: cover; background-position: center center;\">\r\n                        <div class=\"container\">\r\n                           <div class=\"row justify-content-center pt-50\">\r\n                                <div class=\"col-lg-7 col-md-12\">\r\n                                    <div class=\"slider-content s-slider-content\">\r\n                                         <h2 data-animation=\"fadeInUp\" data-delay=\".4s\">R\u00e1pido y <span> Profesional<\/span> <\/h2>\r\n                                           <p data-animation=\"fadeInUp\" data-delay=\".6s\">Mas sencillo imposible. Rapidez y profesionalismo en un solo lugar. <\/p>\r\n                                             <div class=\"slider-btn mt-30 mb-200\">                                             \r\n                                                <a href=\"https:\/\/coinseperu.com\/index.php\/our-contacts\/\" class=\"btn ss-btn mr-15\" data-animation=\"fadeInRight\" data-delay=\".8s\">Cont\u00e1ctanos<\/a>\r\n                                                <a href=\"\" class=\"btn ss-btn active mr-15\" data-animation=\"fadeInRight\" data-delay=\".8s\"><\/a>\r\n                                             <\/div>        \r\n                                     <\/div>\r\n                                <\/div>\r\n                                <div class=\"col-lg-5 col-md-12\">\r\n                                <\/div>\r\n                           <\/div>\r\n                        <\/div>\r\n                <\/div>\r\n        \r\n\t\t\t\t<div class=\"single-slider slider-bg d-flex align-items-center\" style=\"background: url(http:\/\/wordpress.zcube.in\/konstro\/wp-content\/uploads\/2021\/05\/slider_img01-min.png) no-repeat;background-size: cover; background-position: center center;\">\r\n                        <div class=\"container\">\r\n                           <div class=\"row justify-content-center pt-50\">\r\n                                <div class=\"col-lg-7 col-md-12\">\r\n                                    <div class=\"slider-content s-slider-content\">\r\n                                         <h2 data-animation=\"fadeInUp\" data-delay=\".4s\">R\u00e1pido y <span> Profesional<\/span> <\/h2>\r\n                                           <p data-animation=\"fadeInUp\" data-delay=\".6s\">Mas sencillo imposible. Rapidez y profesionalismo en un solo lugar. <\/p>\r\n                                             <div class=\"slider-btn mt-30 mb-200\">                                             \r\n                                                <a href=\"https:\/\/coinseperu.com\/index.php\/our-contacts\/\" class=\"btn ss-btn mr-15\" data-animation=\"fadeInRight\" data-delay=\".8s\">Cont\u00e1ctanos<\/a>\r\n                                                <a href=\"\" class=\"btn ss-btn active mr-15\" data-animation=\"fadeInRight\" data-delay=\".8s\"><\/a>\r\n                                             <\/div>        \r\n                                     <\/div>\r\n                                <\/div>\r\n                                <div class=\"col-lg-5 col-md-12\">\r\n                                <\/div>\r\n                           <\/div>\r\n                        <\/div>\r\n                <\/div>\r\n         \r\n    <\/div>\r\n<\/section>\r\n<!-- slider-area-end -->\t\t<\/div>\n\t\t\t\t<\/div>\n\t\t\t\t\t<\/div>\n\t\t<\/div>\n\t\t\t\t\t<\/div>\n\t\t<\/section>\n\t\t\t\t<section class=\"elementor-section elementor-top-section elementor-element elementor-element-d245681 elementor-section-full_width elementor-section-height-default elementor-section-height-default\" data-id=\"d245681\" data-element_type=\"section\">\n\t\t\t\t\t\t<div class=\"elementor-container elementor-column-gap-no\">\n\t\t\t\t\t<div class=\"elementor-column elementor-col-100 elementor-top-column elementor-element elementor-element-a83614f\" data-id=\"a83614f\" data-element_type=\"column\">\n\t\t\t<div class=\"elementor-widget-wrap elementor-element-populated\">\n\t\t\t\t\t\t<div class=\"elementor-element elementor-element-7c814a8 elementor-widget elementor-widget-Elementor-About-widget\" data-id=\"7c814a8\" data-element_type=\"widget\" data-widget_type=\"Elementor-About-widget.default\">\n\t\t\t\t<div class=\"elementor-widget-container\">\n\t\t\t<!-- about-area -->\n    <section id=\"aboutone\" class=\"about-area about-p pt-120 pb-120 p-relative\" style=\"background: url(http:\/\/coinseperu.com\/wp-content\/uploads\/2021\/05\/about-bg.png) no-repeat; background-position: right bottom;\">\n        <div class=\"container\">\n            <div class=\"row align-items-center\">\n                 <div class=\"col-lg-6 col-md-12 col-sm-12 pr-30\">\n                        <div class=\"s-about-img p-relative\">\n                             <img decoding=\"async\" src=\"http:\/\/coinseperu.com\/wp-content\/uploads\/2024\/08\/img-quienes-somos.png\" alt=\"http:\/\/coinseperu.com\/wp-content\/uploads\/2024\/08\/img-quienes-somos.png\">   \n                        <\/div>\n                  <\/div>\n                  <div class=\"col-lg-6 col-md-12 col-sm-12\">\n                    <div class=\"about-content s-about-content\">\n                        <div class=\"about-title second-title pb-25\">  \n                            <h2>\u00bfQuienes <span>Somos?<\/span><\/h2>   \n                        <\/div>\n                          <p> Somos una empresa con 4 a\u00f1os posicionados en el mercado y nos enorgullecemos de ofrecer soluciones integrales para todas tus necesidades el\u00e9ctricas y seguridad electr\u00f3nica. Desde instalaciones el\u00e9ctricas residenciales hasta proyectos comerciales complejos, nuestro equipo altamente capacitado est\u00e1 listo para brindarte servicios de calidad que superen tus expectativas.\n<\/p> \n                        <a href=\"\" class=\"btn ss-btn mt-15\">M\u00e1s<\/a>\n                    <\/div>\n                <\/div>\n            <\/div>\n        <\/div>\n    <\/section>\n<!-- about-area-end -->\t\t<\/div>\n\t\t\t\t<\/div>\n\t\t\t\t\t<\/div>\n\t\t<\/div>\n\t\t\t\t\t<\/div>\n\t\t<\/section>\n\t\t\t\t<section class=\"elementor-section elementor-top-section elementor-element elementor-element-bd15b40 elementor-section-full_width elementor-section-height-default elementor-section-height-default\" data-id=\"bd15b40\" data-element_type=\"section\">\n\t\t\t\t\t\t<div class=\"elementor-container elementor-column-gap-no\">\n\t\t\t\t\t<div class=\"elementor-column elementor-col-100 elementor-top-column elementor-element elementor-element-06ee52a\" data-id=\"06ee52a\" data-element_type=\"column\">\n\t\t\t<div class=\"elementor-widget-wrap elementor-element-populated\">\n\t\t\t\t\t\t<div class=\"elementor-element elementor-element-5d3d3a7 elementor-widget elementor-widget-Elementor-counter-widget\" data-id=\"5d3d3a7\" data-element_type=\"widget\" data-widget_type=\"Elementor-counter-widget.default\">\n\t\t\t\t<div class=\"elementor-widget-container\">\n\t\t\t\r\n<!-- counter-area -->\r\n    <div class=\"counter pt-60 pb-30\">\r\n        <div class=\"container\">\r\n            <div class=\"row\">\r\n                                       \r\n                         <div class=\"col-lg-3 col-sm-6\">\r\n                            <div class=\"single-counter mb-30\" >\r\n                                <div class=\"counter p-relative\">\r\n                                    <div class=\"icon\"><img decoding=\"async\" src=\"\" alt=\"\"><\/div>\r\n                                     <div class=\"text\">\r\n                                    <span class=\"count\">800 <\/span>\r\n                                           <strong>Trabajos Realizados<\/strong>\r\n                                    <\/div>\r\n                                <\/div>\r\n                            <\/div>\r\n                         <\/div>\r\n                 \r\n                         <div class=\"col-lg-3 col-sm-6\">\r\n                            <div class=\"single-counter mb-30\" >\r\n                                <div class=\"counter p-relative\">\r\n                                    <div class=\"icon\"><img decoding=\"async\" src=\"\" alt=\"\"><\/div>\r\n                                     <div class=\"text\">\r\n                                    <span class=\"count\">22<\/span>\r\n                                           <strong>Profesionales contratados<\/strong>\r\n                                    <\/div>\r\n                                <\/div>\r\n                            <\/div>\r\n                         <\/div>\r\n                 \r\n                         <div class=\"col-lg-3 col-sm-6\">\r\n                            <div class=\"single-counter mb-30\" >\r\n                                <div class=\"counter p-relative\">\r\n                                    <div class=\"icon\"><img decoding=\"async\" src=\"\" alt=\"\"><\/div>\r\n                                     <div class=\"text\">\r\n                                    <span class=\"count\">17<\/span>\r\n                                           <strong>Empresas atendidas<\/strong>\r\n                                    <\/div>\r\n                                <\/div>\r\n                            <\/div>\r\n                         <\/div>\r\n                 \r\n                         <div class=\"col-lg-3 col-sm-6\">\r\n                            <div class=\"single-counter mb-30\" >\r\n                                <div class=\"counter p-relative\">\r\n                                    <div class=\"icon\"><img decoding=\"async\" src=\"\" alt=\"\"><\/div>\r\n                                     <div class=\"text\">\r\n                                    <span class=\"count\">250<\/span>\r\n                                           <strong>Clientes satisfechos\n<\/strong>\r\n                                    <\/div>\r\n                                <\/div>\r\n                            <\/div>\r\n                         <\/div>\r\n                   \r\n            <\/div>\r\n        <\/div>\r\n    <\/div>\r\n<!-- counter-area-end -->\t\t<\/div>\n\t\t\t\t<\/div>\n\t\t\t\t<div class=\"elementor-element elementor-element-e9d6254 elementor-widget elementor-widget-Elementor-service-widget\" data-id=\"e9d6254\" data-element_type=\"widget\" data-widget_type=\"Elementor-service-widget.default\">\n\t\t\t\t<div class=\"elementor-widget-container\">\n\t\t\t\r\n<!-- services-area -->          \r\n    <section id=\"services\" class=\"services-area2 pt-120 pb-90 fix p-relative\" >\r\n        <div class=\"container\">\r\n            <div class=\"row\">\r\n               <div class=\"col-lg-4 col-md-6\">                             \r\n                   <div class=\"section-title pb-25\">\r\n                      <h5>Ofrecemos<\/h5>\r\n                          <h2>\r\n                               Nuestros Servicios                          <\/h2>\r\n                        <\/div>      \r\n                              <p> <\/p>  \r\n                        <\/div>\r\n                          \r\n                         \r\n                           <div class=\"col-lg-4 col-md-6\">                             \r\n                              <div class=\"s-single-services services-box2 mb-30\">\r\n                                  <div class=\"services-icon\">\r\n                                         <i class=\"icono-cercoelectrico\"><\/i>\r\n                                  <\/div>\r\n                                   <div class=\"services-content2\">\r\n                                       <h5><a href=\"https:\/\/coinseperu.com\/index.php\/service\/cercos-electricos\/\">Cercos El\u00e9ctricos<\/a><\/h5>   \r\n                                          <p>Nuestros cercos el\u00e9ctricos est\u00e1n dise\u00f1ados para ofrecer seguridad y tranquilidad, adapt\u00e1ndose a las necesidades espec\u00edficas de su hogar o empresa.  <\/p>\n \r\n                                    <\/div>\r\n                                <\/div>              \r\n                            <\/div>\r\n                           \r\n                         \r\n                           <div class=\"col-lg-4 col-md-6\">                             \r\n                              <div class=\"s-single-services services-box2 mb-30\">\r\n                                  <div class=\"services-icon\">\r\n                                         <i class=\"icono-cercoelectrico1\"><\/i>\r\n                                  <\/div>\r\n                                   <div class=\"services-content2\">\r\n                                       <h5><a href=\"https:\/\/coinseperu.com\/index.php\/service\/sistema-puesta-tierra\/\">Sistema Puesta a tierra (Pozo Tierra)<\/a><\/h5>   \r\n                                          <p>Garantice la seguridad el\u00e9ctrica de su instalaci\u00f3n con nuestros servicios, reduzca el riesgo de descargas el\u00e9ctricas y proteja sus equipos de posibles da\u00f1os.\u00a0<\/p>\n \r\n                                    <\/div>\r\n                                <\/div>              \r\n                            <\/div>\r\n                           \r\n                         \r\n                         \r\n                           <div class=\"col-lg-4 col-md-6\">                             \r\n                              <div class=\"s-single-services services-box2 mb-30\">\r\n                                  <div class=\"services-icon\">\r\n                                         <i class=\"icono-cercoelectrico2\"><\/i>\r\n                                  <\/div>\r\n                                   <div class=\"services-content2\">\r\n                                       <h5><a href=\"https:\/\/coinseperu.com\/index.php\/service\/sistema-electrico-general\/\">Sistema El\u00e9ctrico General<\/a><\/h5>   \r\n                                          <p>Servicios integrales que abarcan desde el dise\u00f1o y planificaci\u00f3n hasta la instalaci\u00f3n y puesta en marcha de sistemas el\u00e9ctricos para todo tipo de edificaciones. <\/p>\n \r\n                                    <\/div>\r\n                                <\/div>              \r\n                            <\/div>\r\n                           \r\n                         \r\n                           <div class=\"col-lg-4 col-md-6\">                             \r\n                              <div class=\"s-single-services services-box2 mb-30\">\r\n                                  <div class=\"services-icon\">\r\n                                         <i class=\"icono-cercoelectrico4\"><\/i>\r\n                                  <\/div>\r\n                                   <div class=\"services-content2\">\r\n                                       <h5><a href=\"https:\/\/coinseperu.com\/index.php\/service\/camaras-seguridad\/\">C\u00e1maras de Seguridad<\/a><\/h5>   \r\n                                          <p>Sabemos que su seguridad es lo m\u00e1s importante, monitoree su entorno en tiempo real con nuestros sistemas de c\u00e1maras de seguridad de \u00faltima generaci\u00f3n.<\/p>\n \r\n                                    <\/div>\r\n                                <\/div>              \r\n                            <\/div>\r\n                           \r\n                         \r\n                           <div class=\"col-lg-4 col-md-6\">                             \r\n                              <div class=\"s-single-services services-box2 mb-30\">\r\n                                  <div class=\"services-icon\">\r\n                                         <i class=\"icono-cercoelectrico5\"><\/i>\r\n                                  <\/div>\r\n                                   <div class=\"services-content2\">\r\n                                       <h5><a href=\"https:\/\/coinseperu.com\/index.php\/service\/sistema-alarmas\/\">Sistema de alarmas<\/a><\/h5>   \r\n                                          <p>Proteja lo m\u00e1s importante con nuestras alarmas personalizadas. Desde alarmas antirrobo hasta detectores de incendio y sensores de movimiento, proporcionamos soluciones integrales para cualquier tipo de propiedad.  <\/p>\n \r\n                                    <\/div>\r\n                                <\/div>              \r\n                            <\/div>\r\n                            \r\n                    <\/div>\r\n                <\/div>\r\n       <\/section>\r\n<!-- services-area-end -->\t\t<\/div>\n\t\t\t\t<\/div>\n\t\t\t\t<div class=\"elementor-element elementor-element-57e3d8e elementor-widget elementor-widget-Elementor_faqs-widget\" data-id=\"57e3d8e\" data-element_type=\"widget\" data-widget_type=\"Elementor_faqs-widget.default\">\n\t\t\t\t<div class=\"elementor-widget-container\">\n\t\t\t\r\n\r\n<!-- faq-area -->\r\n           \r\n<section id=\"faqs\" class=\"faq-area pt-120 pb-100\" style=\"background: url(http:\/\/coinseperu.com\/wp-content\/uploads\/2021\/05\/faq-bg-1.png);background-size: cover; background-position: center center;\">             \r\n    <div class=\"container\">   \r\n        <div class=\"row\">\r\n            <div class=\"col-lg-6 col-md-12\">\r\n                <div class=\"about-title second-atitle mb-30\">            \r\n                    <h5>FAQ<\/h5>                      \r\n                      <h2>M\u00e1s de Nosotros<\/h2>\r\n                <\/div>\r\n                <div class=\"faq-wrap\">\r\n                    <div class=\"accordion\" id=\"accordionExample\">\r\n                                                    \r\n                               <div class=\"card\">\r\n                                    <div class=\"card-header\">\r\n                                        <h2 class=\"mb-0\">\r\n                                            <button class=\"faq-btn collapsed\" type=\"button\" data-toggle=\"collapse\" data-target=\"#1\" aria-expanded=\"false\" aria-controls=\"1\">\r\n                                                Nuestra Misi\u00f3n                                            <\/button>\r\n                                        <\/h2>\r\n                                    <\/div>\r\n                                    <div id=\"1\" class=\"collapse \" data-parent=\"#accordionExample\" style=\"\">\r\n                                        <div class=\"card-body\">\r\n                                            Nuestra misi\u00f3n es proveer servicios integrales de seguridad y mantenimiento generales con un alto nivel de eficacia, compromiso y calidad; garantizando la tranquilidad y satisfacci\u00f3n de nuestros clientes. Comprometi\u00e9ndonos con la innovaci\u00f3n continua, el progreso sostenible y el impacto positivo en todas las \u00e1reas en las que operamos.                                         <\/div>\r\n                                    <\/div>\r\n                                <\/div>\r\n                           \r\n                               <div class=\"card\">\r\n                                    <div class=\"card-header\">\r\n                                        <h2 class=\"mb-0\">\r\n                                            <button class=\"faq-btn collapsed\" type=\"button\" data-toggle=\"collapse\" data-target=\"#2\" aria-expanded=\"false\" aria-controls=\"2\">\r\n                                                Nuestra Visi\u00f3n                                            <\/button>\r\n                                        <\/h2>\r\n                                    <\/div>\r\n                                    <div id=\"2\" class=\"collapse show\" data-parent=\"#accordionExample\" style=\"\">\r\n                                        <div class=\"card-body\">\r\n                                            Nuestra visi\u00f3n es convertirnos en el referente de confianza y calidad en el sector de seguridad y servicios generales, destac\u00e1ndonos por nuestra innovaci\u00f3n, excelencia en el servicio y adaptabilidad en las necesidades del mercado; construyendo un entorno seguro para contribuir al bienestar y seguridad de nuestros clientes, empleados y comunidades.                                         <\/div>\r\n                                    <\/div>\r\n                                <\/div>\r\n                            \r\n                    <\/div>\r\n                <\/div>\r\n            <\/div>\r\n            <div class=\"col-lg-6 col-md-4\">\r\n            <\/div>\r\n        <\/div>\r\n    <\/div>\r\n<\/section>\r\n<!-- team-area-end -->  \r\n\r\n\r\n\t\t<\/div>\n\t\t\t\t<\/div>\n\t\t\t\t\t<\/div>\n\t\t<\/div>\n\t\t\t\t\t<\/div>\n\t\t<\/section>\n\t\t\t\t<section class=\"elementor-section elementor-top-section elementor-element elementor-element-c99c44b elementor-section-full_width elementor-section-height-default elementor-section-height-default\" data-id=\"c99c44b\" data-element_type=\"section\" data-settings=\"{&quot;background_background&quot;:&quot;gradient&quot;}\">\n\t\t\t\t\t\t<div class=\"elementor-container elementor-column-gap-no\">\n\t\t\t\t\t<div class=\"elementor-column elementor-col-100 elementor-top-column elementor-element elementor-element-6ac4b3b\" data-id=\"6ac4b3b\" data-element_type=\"column\">\n\t\t\t<div class=\"elementor-widget-wrap elementor-element-populated\">\n\t\t\t\t\t\t<div class=\"elementor-element elementor-element-2be396e elementor-widget elementor-widget-Elementor-support-widget\" data-id=\"2be396e\" data-element_type=\"widget\" data-widget_type=\"Elementor-support-widget.default\">\n\t\t\t\t<div class=\"elementor-widget-container\">\n\t\t\t\r\n<!-- support-area -->\r\n<section id=\"graph\" class=\"features-area pt-70 pb-50\"  style=\"background:url('');\">\r\n    <div class=\"container\">\r\n        <div class=\"row align-items-center\">\r\n            <div class=\"col-lg-7 col-md-12\">\r\n                <div class=\"section-title cta-title  mb-20\"> \r\n                    <h5>No te pierdas la oportunidad de consultar<\/h5>     \r\n                    <h2>Escr\u00edbenos y mejora tu futuro, toma ahora esta gran decisi\u00f3n<\/h2>\r\n                <\/div>\r\n            <\/div>\r\n            <div class=\"col-lg-5 col-md-12 text-right\">\r\n                 <a href=\"https:\/\/coinseperu.com\/index.php\/contactanos\/\" class=\"btn ss-btn active mr-15\">Escr\u00edbenos Ahora<\/a>\r\n            <\/div>\r\n        <\/div>\r\n    <\/div>\r\n<\/section>\r\n<!-- support-area-end -->\t\t<\/div>\n\t\t\t\t<\/div>\n\t\t\t\t\t<\/div>\n\t\t<\/div>\n\t\t\t\t\t<\/div>\n\t\t<\/section>\n\t\t\t\t<\/div>\n\t\t","protected":false},"excerpt":{"rendered":"","protected":false},"author":1,"featured_media":0,"parent":0,"menu_order":0,"comment_status":"closed","ping_status":"closed","template":"home-page.php","meta":{"_joinchat":[],"footnotes":""},"class_list":["post-2653","page","type-page","status-publish","hentry"],"_links":{"self":[{"href":"https:\/\/coinseperu.com\/index.php\/wp-json\/wp\/v2\/pages\/2653","targetHints":{"allow":["GET"]}}],"collection":[{"href":"https:\/\/coinseperu.com\/index.php\/wp-json\/wp\/v2\/pages"}],"about":[{"href":"https:\/\/coinseperu.com\/index.php\/wp-json\/wp\/v2\/types\/page"}],"author":[{"embeddable":true,"href":"https:\/\/coinseperu.com\/index.php\/wp-json\/wp\/v2\/users\/1"}],"replies":[{"embeddable":true,"href":"https:\/\/coinseperu.com\/index.php\/wp-json\/wp\/v2\/comments?post=2653"}],"version-history":[{"count":127,"href":"https:\/\/coinseperu.com\/index.php\/wp-json\/wp\/v2\/pages\/2653\/revisions"}],"predecessor-version":[{"id":2978,"href":"https:\/\/coinseperu.com\/index.php\/wp-json\/wp\/v2\/pages\/2653\/revisions\/2978"}],"wp:attachment":[{"href":"https:\/\/coinseperu.com\/index.php\/wp-json\/wp\/v2\/media?parent=2653"}],"curies":[{"name":"wp","href":"https:\/\/api.w.org\/{rel}","templated":true}]}}